3*z**2 + z**2 - 2 + 5 + 14*z**2 - 3*z. Let r be b(p). Calculate the greatest common factor of 15 and r.
15
Suppose -22*h + 423 + 193 = 0. Calculate the highest common divisor of 350 and h.
14
Suppose 1 = 3*w - 20. Let t(p) = 2*p**2 - 15*p + 11. Let q be t(w). What is the highest common factor of 16 and q?
4
Suppose 5*d - 42 = 23. Let b be -2*((-52)/d + 578/(-4)). What is the greatest common factor of b and 33?
33
Suppose 0 = -2*l + 4*d + 1358, -43*d - 10 = -38*d. What is the highest common divisor of 27 and l?
27
Let y be (44 + -32)*(-3)/12*-3. What is the greatest common factor of 27 and y?
9
Let u = -23 - -26. Suppose -4*i - i - u*h + 77 = 0, 3*i = 5*h + 53. What is the greatest common factor of i and 16?
16
Suppose 2*v - 85 = -3*j, v - 2 = -0. Suppose -x + 285 - 63 = 5*t, -171 = -4*t - 3*x. What is the highest common divisor of t and j?
9
Suppose 663 = 4*x - 2*b - 353, -2*b = 3*x - 748. Calculate the highest common factor of x and 567.
63
Let q = 1715 + -1315. Calculate the greatest common factor of 32 and q.
16
Suppose -4*l + 2 + 6 = 0. Suppose d = 4*x - 11, 2*x - 7*x + l*d + 16 = 0. Calculate the greatest common factor of x and 14.
2
Let v(z) = -6*z**2 - z - 8. Let t be v(-6). Let s = 474 + t. Suppose 9*x - 5*x - s = 0. Calculate the highest common factor of x and 32.
32
Let x(j) = -j**3 + 150*j - 2. Let f be x(12). What is the highest common factor of 90 and f?
10
Suppose 0 = -10*o + 2*o. Suppose 4*d - 3*d - 3*r - 23 = o, 2*r = 3*d - 41. Calculate the highest common factor of d and 11.
11
Let y(w) = -7*w + 207. Let u be y(20). Calculate the highest common divisor of u and 1273.
67
Let s be 2/(((-8)/52)/(-2)). Suppose -2*k - 3096 = -5*k. Suppose -5*g - 2*h = -k, -2*h + 6*h + 16 = 0. Calculate the greatest common factor of g and s.
26
Suppose -11 + 75 = 4*x. Suppose 2 = 3*a + 3*j - 19, 3*a = -5*j + 19. Suppose 2*v + 4 = -3*i + 10, -4*i + v = -a. What is the highest common factor of x and i?
2
Let d be 9 - (-6)/(-12)*4. What is the greatest common divisor of d and 224?
7
Let w = 5 + 9. Let i(z) = -5*z. Let f be i(9). Let s = 199 + f. Calculate the greatest common divisor of w and s.
14
Let j be 6/(-1) - (-3 + 3 + -46). Let c = 21 + -5. What is the highest common factor of j and c?
8
Let c be (8 + -4 - -370) + 1. What is the greatest common factor of c and 15?
15
Suppose -5*j + 4*z + 27 + 13 = 0, z + 19 = 2*j. What is the highest common divisor of j and 2148?
12
Let v(u) = -u**3 - 6*u**2 - 2*u - 9. Let f be v(-6). Suppose 0*q + 3 = f*q. Let a be 72 - 6/(q - 3). Calculate the highest common factor of 15 and a.
15
Let w = 768 - 732. Calculate the highest common divisor of w and 54.
18
Suppose 252 = 31*f + 4. Let z = -185 - -265. Calculate the highest common divisor of f and z.
8
Let q(h) = 6*h - 3. Let v be q(3). Suppose -3*m - 4*l - 30 = -8*m, -3*l = v. Suppose -m*y + 3 = -17. What is the highest common divisor of y and 90?
10
Let m be 2/9 - 96/(-54). Suppose 0 = -2*j + 10 - 2, m*b - j - 176 = 0. Calculate the greatest common divisor of b and 10.
10
Let c be (1*-21)/(12/(-296)). Let y be 6 + -8 - 2 - c/(-2). What is the greatest common divisor of 102 and y?
51
Let q = 1356 + -1343. Calculate the highest common divisor of q and 221.
13
Let u(y) = -y**2 + 11*y + 20. Let x(j) = -j**2 + 11*j + 20. Let k(d) = -5*u(d) + 4*x(d). Let n be k(15). What is the greatest common divisor of 100 and n?
20
Let b be (-2)/8 + (-42)/(-8). Suppose -x + b*v = x - 305, -3*x + 5*v = -470. Calculate the highest common factor of x and 15.
15
Let d be (-14 - (-3 + 1))*(-400)/75. What is the greatest common factor of 160 and d?
32
Suppose 2*i = a + 9*a - 16, 23 = 5*i - 4*a. Suppose 0 = -o + 2*o + 5, 0 = 5*b - 2*o - 185. What is the highest common divisor of b and i?
7
Suppose -12*f + 928 = -9*f + l, -2*f = -5*l - 596. Calculate the highest common factor of f and 88.
44
Let z = -19 + 21. Suppose -75 = -z*a - 73. Let n(c) = c**3 - 10*c**2 + 8*c + 10. Let l be n(9). What is the greatest common factor of l and a?
1
Let f = -100 + 130. Let q(v) = -75*v. Let s be q(-4). Calculate the highest common divisor of f and s.
30
Let x = 1449 + -1140. What is the highest common factor of x and 3?
3
Let l = 3056 + -2986. Let n be 1/(-2) + 3/(-2). Let i be n - -11 - 1*-1. Calculate the highest common factor of l and i.
10
Let j be -1*(2 + 9/(36/(-40))). Suppose 0 = -j*d + 9*d - 1. What is the greatest common factor of 11 and d?
1
Let j be 37 - -1 - (-1 - 1). Suppose 4*l + 25 = p, -5*p + 3*l + 0*l + j = 0. Suppose -3*y + 111 = 21. Calculate the highest common factor of y and p.
5
Let n(p) = 18*p**3 - 6*p**2 + 11*p - 21. Let a be n(4). Calculate the greatest common factor of 13 and a.
13
Suppose 281 = 7*t - 314. Calculate the greatest common factor of 340 and t.
85
Let g be 56/9 + (-2)/9. Let m = g + -3. Suppose -2*x + x = -m*l + 125, l = -3*x + 25. What is the greatest common divisor of 5 and l?
5
Let z be (189/(-28) + 5)*-1220. Calculate the highest common factor of z and 35.
35
Suppose -2*k + 13 - 3 = 0. Suppose k*y = 1296 + 144. Suppose 5*w - y = 2*w. Calculate the highest common factor of 64 and w.
32
Suppose 48*k + 37*k = 170. Let q(j) = -j**2 + 5*j - 3. Let z be q(5). Let u be (3/(-2))/(z/44). What is the greatest common divisor of u and k?
2
Suppose -1148 = -5*k - 2*h, -7*k - 5*h = -10*k + 664. What is the highest common factor of 24 and k?
12
Let i = -321 - -556. Calculate the highest common factor of i and 188.
47
Suppose -14*c + 17*c - 84 = 0. Let i be (-254)/(-4) + 14/c. Calculate the highest common divisor of i and 16.
16
Let f(l) = l**3 - 14*l**2 + 14*l - 13. Let g be f(13). Suppose -u + 4 = g, -222 = -5*r - 0*u - 3*u. What is the greatest common factor of r and 28?
14
Suppose 61*t = 55*t + 384. Calculate the highest common factor of t and 8.
8
Suppose -157 = 2*i - 411. Suppose 7*h = i + 489. Calculate the highest common divisor of 8 and h.
8
Suppose -2*t - 54*s + 188 = -53*s, -374 = -4*t - s. What is the highest common divisor of t and 124?
31
Let r(y) = 7*y**3 + 2*y**2 - 2*y - 4. Let w be r(-2). Let l be (w/(-20))/((-2)/(-10)). Calculate the highest common factor of 4 and l.
4
Let x = 119 + 1. Let u(p) = 8*p**2 + 134*p - 22. Let s be u(-17). What is the highest common factor of s and x?
12
Let x(w) = -w**3 - 47*w**2 - 48*w - 12. Let h be x(-46). Calculate the greatest common divisor of 5 and h.
5
Let b(u) be the third derivative of -u**4/6 + 2*u**3/3 - 4*u**2. Let x be b(2). Let v be 9/((8/x)/(-34)). What is the greatest common divisor of 17 and v?
17
Suppose 0 = 5*t - 3*o + 53 - 14, -o = 2. Suppose 3*x + 10 = -2*x. Let c be 9*(x + t/(-3)). What is the greatest common divisor of c and 18?
9
Let x = 2 + -1. Let n be (-55 - x)/(22/(-11)). Let p = n - 21. Calculate the greatest common factor of 28 and p.
7
Let r(o) = -36*o - 458. Let f be r(-13). Let c(z) = 8*z - 2. Let a be c(4). What is the highest common divisor of f and a?
10
Suppose -24*w = 22*w - 138. What is the highest common factor of w and 3?
3
Let v be ((-24)/(-3))/(1*2/20). Suppose -v - 46 = -7*y. Calculate the greatest common divisor of y and 2.
2
Let t = 58 - 41. Suppose 160*i = 145*i + 2295. Calculate the greatest common factor of t and i.
17
Let y = -129 - -230. Calculate the greatest common divisor of 808 and y.
101
Let i(h) = 11*h**2 - 58*h + 38. Let b be i(5). Suppose 0 = -2*d + 4*p - 0*p + 402, -5*p = 2*d - 429. What is the highest common divisor of d and b?
23
Let z(x) = 5*x**2 + 9. Let r be z(3). What is the highest common divisor of 36 and r?
18
Let a be (8 - -2)/(3/12). Calculate the greatest common factor of 128 and a.
8
Let w be 15*1*(-28)/35. Let n = w - -16. Suppose -c + n*c = 3. Calculate the greatest common factor of c and 11.
1
Let a = 940 - 932. Let t(q) = 3*q**2 - q. Let f be t(1). Calculate the greatest common factor of f and a.
2
Suppose 41*q - 37*q = 124. Calculate the highest common divisor of q and 775.
31
Let m be (-102)/(-4)*(-30)/45. Let d = 37 - m. What is the greatest common factor of 135 and d?
27
Suppose -53*i + 320 = -43*i. What is the highest common divisor of 1 and i?
1
Let c(y) = 6*y**2 + 3*y + 3. Let w be c(-2). Let d = w + -1. Suppose -4*v = -2*v - d. Calculate the highest common factor of v and 20.
10
Let k be (-2036)/(-30) - -1*8/60. What is the greatest common factor 